ctor of 58 and o?
29
Suppose -44 = -2*b + 4*n, 19 = b - 5*n - 18. Let f(x) = -11*x - 14. Let l be f(-10). Calculate the greatest common factor of l and b.
12
Let a = 11 + -9. Suppose 52 = 2*p - 6*o + a*o, 5*p - 4*o = 154. Let u be (2 + 13/(-4))*4 - -90. What is the greatest common divisor of u and p?
17
Let q(o) = -o**3 + 7*o**2 - 4*o - 9. Let t be q(5). Let c be (-16)/((14/49)/((-9)/t)). What is the greatest common factor of 6 and c?
6
Let d(j) = 6*j**2 + 2*j - 3. Let q be d(-3). Let r be 10/(-35) + 270/14. Suppose -3*y = -71 - r. Calculate the greatest common divisor of q and y.
15
Let j = 40 - 57. Let z = j + 19. Let v = 3 - 0. Calculate the highest common divisor of z and v.
1
Suppose 68*b - 70*b = -32. What is the greatest common factor of b and 16?
16
Suppose 1029 + 555 = 8*z. Calculate the highest common factor of 54 and z.
18
Let c = -12353 - -12365. Suppose 2*u - 69 = 123. What is the greatest common divisor of u and c?
12
Let x = 6270 - 1195. What is the greatest common factor of x and 29?
29
Let u be 51/21 + (-36)/84. Let t(y) = -3*y - 4. Let h be t(-6). Calculate the highest common divisor of h and u.
2
Suppose 5*n = c + 95, -4*n + 51 + 11 = 2*c. Suppose b = -2, b + n = 5*l - 3*l. Suppose -3 = -2*d - d. What is the greatest common factor of d and l?
1
Let o be 26 - (-1)/(2*(-7)/14). Suppose 42 = k - 33. What is the greatest common factor of k and o?
25
Let i = -427 + 442. Calculate the highest common divisor of i and 48.
3
Suppose 6*h = 5*h + 56. Let r(n) = 2*n - 46. Let i be r(27). Calculate the highest common divisor of i and h.
8
Let f = 78 - -54. Calculate the greatest common factor of f and 12.
12
Suppose 48 = 4*n - 4*w, -n - w = -3*n + 22. Let b(j) = -j**3 - 8*j**2 - 10*j + 10. Let q be b(-8). Calculate the highest common divisor of q and n.
10
Let z = -745 - -763. What is the greatest common divisor of 486 and z?
18
Suppose 123 = 5*h - s, -4*h + 139 = -s + 40. What is the greatest common factor of 528 and h?
24
Suppose 73*f - 25 = 68*f. Calculate the highest common divisor of f and 55.
5
Let x = 289 - 198. Let o(f) = 5*f - 17. Let i be o(6). Calculate the highest common factor of x and i.
13
Let y(t) = -t**3 - 6*t**2 - 5*t - 5. Let d be y(-6). Let m be 15/(-45) - d/(-3). Calculate the greatest common divisor of m and 88.
8
Suppose -5*o + 5 = -0*o. Let x be -2 - (-218 - o)/1. Calculate the highest common divisor of x and 31.
31
Suppose -k - 2*i + 9 = 0, -4*k + 22 = -i + 2*i. Suppose -k*b - 7 = -52. Let d = b - 1. What is the greatest common divisor of 16 and d?
8
Let w = -1600 - -2271. Calculate the greatest common divisor of w and 61.
61
Let p = 1525 + -1236. What is the highest common divisor of p and 51?
17
Let d be 17/(-11)*(-39 + 28). Calculate the greatest common divisor of 1496 and d.
17
Suppose 5*m + 2 = 4*h, -3 = -5*m - h + 10. Let s be 1 + m*-47 + 1. Let l = s - -180. What is the greatest common divisor of l and 11?
11
Let m(t) = 10*t**2 + t. Let v be m(-1). Suppose v = 4*y - y. Suppose -348 = -5*u - 3*r, 118 = 4*u - y*r - 155. Calculate the highest common factor of 23 and u.
23
Let g be 9 + (3 - 4 - -2). Suppose 2*n + 71 = 269. Let v = n + -49. What is the greatest common divisor of g and v?
10
Suppose 18*m - 4132 = -190. Calculate the highest common divisor of m and 511.
73
Let b(k) = -4*k**2 - 170*k + 115. Let z be b(-43). Calculate the greatest common divisor of 1102 and z.
29
Suppose -5*d + 3*k = -502, 3*k = 3*d - 2*k - 314. Calculate the greatest common divisor of 245 and d.
49
Let s = -94 + 508. What is the highest common divisor of 3 and s?
3
Let x be (3 + -3)*3/(-6). Suppose x = -6*b + 3*b - 9. Let h(r) = -39*r + 7. Let u be h(b). What is the greatest common factor of 31 and u?
31
Let r = 23 + -85. Let n = r - -232. What is the highest common factor of n and 68?
34
Let k(m) = -22 + 8*m - 4*m + 8*m + 2*m. Let n be k(8). Let d(p) = 4*p - 6. Let z be d(6). Calculate the highest common divisor of n and z.
18
Suppose -91*g + 95*g - 28 = 0. What is the greatest common divisor of 119 and g?
7
Let p(k) = -33*k - 108. Let m be p(-8). Calculate the highest common divisor of 48 and m.
12
Let a(x) = -6*x**3 - x**2 + 2*x. Let w(z) = z**3 + 3*z**2 + 2*z - 2. Let m be w(-2). Let o be a(m). Calculate the highest common factor of 16 and o.
8
Let v(w) = -w - 10. Let a(j) = -3*j - 10. Let u be a(4). Let h be v(u). What is the greatest common divisor of 72 and h?
12
Let p(j) = -j**2 - 7*j + 2. Let z be p(-6). Let g(t) = 14*t - 106. Let w be g(8). Calculate the highest common factor of w and z.
2
Suppose -q + 141 - 3 = 0. Let h = 194 - q. Suppose -19 + 54 = 5*x. Calculate the greatest common factor of x and h.
7
Suppose 3*l - q = 7, l - 2*l + q + 3 = 0. Let d be (l/12)/(9/54). What is the greatest common divisor of d and 9?
1
Let n(d) = -2*d**3 - 4*d**2 - 2*d. Let g be n(-4). Let i(v) = v**3 + 6*v**2 - 2*v + 1. Let p be i(-5). What is the greatest common divisor of p and g?
36
Let c(a) = 2*a**2 + 23*a + 114. Let t be c(-14). Calculate the greatest common factor of t and 8.
8
Let p = -44 - -45. Suppose -a = l + l - p, 20 = -4*l. What is the highest common factor of a and 55?
11
Let a = 13 - 4. Suppose 11 = -3*y - 19. Let u be (-355)/y + 1/2. Calculate the highest common factor of a and u.
9
Let k be (-2290)/(-6) - (-4)/12 - 4. Calculate the greatest common factor of k and 21.
21
Suppose 13*b - 47 = 18. Let g(d) = -22*d - 1. Let l be g(-3). Calculate the highest common factor of l and b.
5
Suppose 0 = -5*v - 25. Let d be (-48)/(-60) - 356/v. Calculate the greatest common divisor of d and 8.
8
Suppose 5*m + 12 = 17, 0 = 3*x + 5*m - 3476. Calculate the greatest common factor of 13 and x.
13
Suppose 2 + 2 = 4*l + n, 0 = 3*n + 12. Suppose -5 = -l*p + 15. Calculate the greatest common divisor of 40 and p.
10
Let w(t) = -t**2 - 7*t + 25. Let x(o) = 6*o**2 + 35*o - 127. Let g(m) = 11*w(m) + 2*x(m). Let l be g(0). What is the highest common factor of 105 and l?
21
Let y be 2 + (-16)/(-3) + (-60)/(-36). What is the highest common factor of 72 and y?
9
Suppose 2*p - 136 - 278 = 0. Calculate the greatest common factor of 46 and p.
23
Let x be (-11)/(6/(-36)*2). Calculate the greatest common factor of 44 and x.
11
Suppose -605 = -2*t + 13*t. Let c = -19 - t. Calculate the greatest common factor of 24 and c.
12
Let s be (3/(-3))/(-1) - -4. Let v = -3 + s. Suppose 4*o = -4*r + 40, -v*o + 2*r + 10 = -30. What is the greatest common divisor of o and 105?
15
Suppose -3*s - 1 = -31. Suppose 3*o = s*o - 2023. Calculate the greatest common factor of o and 17.
17
Let j(n) = n**3 - 2*n + 21. Let t be j(0). Let h = 27 + 15. Let c be (h/4)/(2/4). What is the greatest common factor of t and c?
21
Let v = -14 + 16. Suppose -z + 4*z - 11 = -v*j, -4*z + 23 = j. Suppose -4*h = z - 19. Calculate the highest common divisor of 15 and h.
3
Let o(u) = -1. Let p(f) = -f**2 - 2*f - 31. Let s(i) = 4*o(i) - p(i). Let j be s(-11). Calculate the highest common divisor of 18 and j.
18
Let b be 2/2*(-58 - 1). Let z = -242 - -147. Let a = b - z. What is the highest common divisor of a and 4?
4
Let q be 12*(-2 + -1 + 8 + -2). Calculate the greatest common factor of 18 and q.
18
Let u(i) = 5*i**3 - 4*i**2 - 10*i + 38. Let f be u(5). Calculate the highest common factor of f and 57.
57
Let d(l) = -30*l. Let o be d(-1). Let x be ((-186)/9)/(4/o). Let j = -40 - x. Calculate the greatest common divisor of 23 and j.
23
Let h(j) = 6*j - 3. Let o be h(4). Let i(p) = p**3 - 15*p**2 + 23*p + 102. Let z be i(13). What is the highest common divisor of z and o?
21
Let t(y) = 37*y + 557. Let j be t(13). Calculate the greatest common divisor of 12 and j.
6
Let u be (-6)/(-6 + 81/15). Calculate the highest common divisor of 2 and u.
2
Suppose -1760 = 12*w - 28*w. Calculate the highest common factor of 33 and w.
11
Suppose -691 = -5*n - 4*i, 5*n - 10*n + 2*i = -667. Calculate the highest common divisor of n and 5.
5
Let j(o) = 32*o**3 - o**2 + 2*o - 2. Let s be j(1). What is the greatest common factor of 155 and s?
31
Let t be 1*2*(25 - 0). Suppose -103 - t = -3*i. Suppose 10*s = 6*s - 4*a + 64, a = -1. What is the highest common factor of s and i?
17
Suppose -15*f + 2700 = 3*f. Calculate the highest common divisor of 350 and f.
50
Let w be 10/((0 + -1)/1). Let a be (-154)/w + 8/(-20).